 = -106 - -62. Let s = r + 997. Is s composite?
False
Let t(x) = -2*x - 22. Let i be t(-13). Suppose -747 = -3*m - 2*g, 3*m - 146 = -i*g + 601. Is m composite?
True
Suppose 3*b + 10 = -2. Let g(i) = -6*i**3 + 7*i**2 + 5*i - 3. Is g(b) a composite number?
True
Let o = -8 - -8. Suppose 4*t = 4*z - 394 - 234, 3*z + t - 487 = o. Is z a prime number?
False
Let h(s) be the first derivative of -s**4 - 7*s**3/3 - 8*s**2 + 6*s - 19. Is h(-7) a prime number?
False
Is 231/33 - (-9672)/2 prime?
False
Let l(n) be the third derivative of n**6/60 - n**5/30 - n**4/8 + n**3/3 - n**2. Let m be l(2). Suppose -r = q - 301, q - 198 = -m*r + 91. Is q a prime number?
False
Suppose 15 = 5*p, -6484 = -z - p + 1591. Suppose 4*n - z = -4*n. Is n a composite number?
False
Suppose 2*w = -3*c - 44277 + 186974, 0 = 4*w + 20. Is c prime?
True
Suppose 252378 = 17*d + d. Is d a composite number?
True
Let q be 296 + (1 - -2) + 0 + -6. Let g = q - 102. Is g prime?
True
Suppose 0 = -4*j + 4*a, a = -j - 2*j + 8. Let f be (-2106)/(-12)*(-56)/(-6). Suppose 2*z - j*r = -7*r + 1097, -3*z - 5*r + f = 0. Is z a prime number?
True
Suppose -5*x + 29 = -2*z, z + 20 - 3 = 3*x. Suppose x*b - 14 = -399. Is (-2)/(-11) + (-17003)/b a composite number?
True
Suppose 69*a = 56*a + 206401. Is a prime?
True
Let g(v) be the third derivative of -83*v**5/30 - 11*v**4/24 + 7*v**3/6 + 13*v**2. Let p(y) be the first derivative of g(y). Is p(-6) prime?
False
Let j be (-252)/12*(-25)/(-3). Let u = j + 306. Is u prime?
True
Let o be ((-6)/(-4) - 0)*-90. Let i(x) = -42*x. Let p be i(8). Let m = o - p. Is m composite?
True
Let x(r) = -11550*r**3 - 6*r**2 - 4*r + 1. Is x(-1) composite?
False
Let m(y) = -y**3 + 3*y**2 - 3*y - 7. Let u be (-1)/((-2)/8) + -10. Let o = -12 - u. Is m(o) a prime number?
False
Let i be ((-20)/15)/((-2)/(-6)). Let p(c) be the second derivative of -9*c**3 + 3*c**2/2 - 5*c. Is p(i) a prime number?
False
Let c(o) = -18*o**2 + 7*o - 8. Let z(b) = -37*b**2 + 14*b - 15. Let g(r) = -9*c(r) + 4*z(r). Is g(7) prime?
False
Let n be 10 + -447 - -3 - 1*-4. Suppose 3*a + 2 + 7 = 0. Is n/(-2) - (-7 - a) prime?
False
Let m(t) = 59*t**2 + 3*t - 2. Let w be m(-4). Suppose -4*a - 181 = -l, 6*l + 5*a = l + w. Suppose 2*n - n + 2*x = 55, -3*n + l = 2*x. Is n a prime number?
False
Suppose 127654 - 30802 = -5*j + 3*i, -3*j + 4*i = 58120. Let f be j/(-30) + (-2)/(-5). Suppose 6*p - f = -3*z + p, -2*p + 432 = 2*z. Is z a prime number?
False
Suppose 3 = -m + 3*b, 0 = -3*m + m + 2*b - 2. Let i be -28*5/10*-1. Suppose m*u = -2*u + i. Is u prime?
True
Suppose a = 4*a - 45. Let g = -14 - a. Let o = 230 + g. Is o a prime number?
False
Let p(n) = -47*n + 6. Suppose -18 = -3*v + 6. Let x be (3/(-6) + 0)*v. Is p(x) prime?
False
Suppose 3 = -3*a, -2*a = -5*f - 0*a + 22. Let z be 2/f*0/4. Suppose z*c = 5*c + 5*y - 1130, 2*c - 432 = 2*y. Is c composite?
True
Let v(o) = -o**3 + 4*o**2 - 21*o + 23. Is v(-12) prime?
True
Let o(i) = -i**2 - 3*i + 4. Let w be (-4)/7 - (-117)/21. Let p be o(w). Is 1 - p - (0 + 0) a composite number?
False
Let m be (0 + 56/6)/((-10)/(-720)). Let y = m - 325. Is y a prime number?
True
Let p(g) = 6*g**3 + 9*g**2 + 6*g + 13. Is p(8) a composite number?
False
Let h = -1 + -3. Let t be ((-18)/h)/((-3)/(-32)). Suppose -141 + t = -j. Is j composite?
True
Let j(w) = -3*w**3 + 4*w**3 + 8*w - 30*w**2 - 26 + 42*w**2. Is j(-11) a composite number?
False
Is 1*(7118 + -4 + 7) composite?
False
Suppose -y + z = -7, 3*y + 2 = -5*z - 17. Suppose y*i + 3*i - 3*h = 484, -478 = -5*i + h. Is i prime?
False
Suppose 109 = -3*t - 1586. Let d(o) = -343*o + 3. Let i be d(-3). Let l = i + t. Is l a prime number?
True
Suppose -3*v - 8847 = -3*t, -3*t + 9446 = 2*v + 609. Let w = -894 + t. Is w a composite number?
False
Is (-4 - 4)/2 + 6245 prime?
False
Let w be -4*1 + (5 - 1). Suppose w*d + 82 = d. Is d prime?
False
Let p be -3 - ((-1)/(-3) - (-1366)/6). Let s = p + 454. Is s a prime number?
True
Let b(u) = 169*u**2 + 114*u - 810. Is b(7) a prime number?
True
Let q(l) = l**2 - 5*l - 4. Let j(o) = 5*o**2 - 20*o - 15. Let h(s) = 6*j(s) - 26*q(s). Is h(10) a prime number?
False
Let k(q) = 35*q**2 + 2*q - 7. Let p be k(6). Let g = 3044 - p. Suppose -5*z + 4443 = 5*d - 3*d, g = 2*z - d. Is z a prime number?
False
Let g(j) = j**2 - 15*j - 17. Let u be (-62)/4 + (-10)/20. Is g(u) prime?
True
Let d be (23626/10 + 3)/(4/20). Suppose 9*b = d - 2225. Is b a prime number?
False
Let c = -895 + 2310. Is c composite?
True
Let v(y) = 4*y**3 - 15*y**2 - 140*y + 5. Is v(22) a prime number?
True
Let l(x) = -x**3 + 10*x**2 + 7. Let s be l(10). Let y(t) = 9 + 8 + 26*t - 1 - 4. Is y(s) a prime number?
False
Let v be (2/(-8))/((-7)/28) + 1. Is 232 - 15/(-10)*v prime?
False
Let z = 25 + -39. Let v = z + 35. Suppose v*l - 19*l - 382 = 0. Is l composite?
False
Suppose 4*b - a - 16841 = 0, 2*b + 5*a - 8417 = 2*a. Let f = -2951 + b. Is f composite?
False
Let j(d) = 84*d**2 - 4*d + 5. Let q be 16/12 + (-2)/(-3). Suppose -6*a + q*a + 3*s = -27, 5*a - 3*s - 30 = 0. Is j(a) a prime number?
False
Let z(s) = s**2 - 6*s + 8 + 4 + 0*s**2 - 5*s. Let y be z(10). Suppose 4*x - 5 = -2*o + 17, 5 = 5*x - y*o. Is x prime?
True
Suppose -4*h - 3618 = -2*w, 3*w + 18*h - 5459 = 16*h. Is w prime?
False
Suppose -36827 = -38*q + 4479. Is q composite?
False
Suppose 20 = 5*b + 5*p, -3*b + p = -0*p + 8. Is b/(880/(-2631) - 2/(-6)) a prime number?
True
Is 2534672/318 - (-10)/(-6) a prime number?
False
Let y be 2/8 - (-156)/16. Suppose 5*h - y = -0*h. Suppose q - 29 = h*o, 156 = 3*q + 2*q + o. Is q a prime number?
True
Let o be -1 - ((-2)/1 - 14). Let k be o/9*1*3. Suppose 3*x - 78 = 2*u + 947, -5*x + k*u = -1710. Is x a composite number?
True
Let l(o) = 764*o**2 + 4*o - 1. Let y be l(-3). Suppose 4*d = -1347 + y. Is d a composite number?
True
Suppose 0 = -m + b - 3, 5*m - 3*b + 1 = -8. Let c(o) = -o**2 - o. Let g be c(m). Suppose 5*k + g*l = -2*l + 1589, -4*k - l = -1270. Is k composite?
False
Suppose -3*x = 5*o - 24311, 5*x - 19454 = 2*o - 6*o. Is o composite?
False
Let z(y) = -1151*y**3 - 3*y - 3. Is z(-1) a prime number?
True
Let g(c) = 1218*c + 121. Is g(8) prime?
False
Let x = -10 + 16. Suppose 0 = -3*i - x + 21. Let c(r) = 2*r**3 + 2*r**2 + 4*r - 1. Is c(i) composite?
True
Let a(o) be the third derivative of 17*o**4/6 + o**3/2 - 8*o**2. Is a(2) composite?
False
Is ((-63772)/10)/(12/(-30)) composite?
True
Is 3 + (-360750)/(-20) + (-1)/(-2) a composite number?
False
Let q = 323168 + -189001. Is q prime?
False
Let z(g) be the second derivative of g**5/20 + g**4/4 + 3*g**2/2 - 6*g. Let f be z(-3). Let p = f + 92. Is p a composite number?
True
Let j(a) = 2*a**3 - 13*a**2 - a + 18. Let b be j(9). Let u = 2051 - b. Is u prime?
True
Let v = 4 + -1. Suppose -v*s - 5*o = -24, 3*s + 0*s - o = 24. Is 2*2*316/s a composite number?
True
Let a = 71531 - -39132. Is a a composite number?
True
Let x(g) = -g. Let v be x(-3). Suppose v*n - 2*n = 0. Is n - 815/(-3 - -2) a composite number?
True
Suppose -32*q + 31*q + 26167 = c, 3*q = -2*c + 52330. Is c prime?
True
Let u(q) = 2*q**3 - 38*q**2 + 61*q + 4. Is u(25) a prime number?
True
Suppose 3*o = -3*n - 519, -350 = 2*o + 7*n - 4*n. Let k = -830 + 1202. Let c = k + o. Is c composite?
True
Let h = -17 - -18. Is (157*2)/(8/20*h) a composite number?
True
Let z be (-4 - -197) + 1 + -4. Suppose -1130 = -4*i - z. Is i composite?
True
Let t = 75 - 8. Suppose 65*w + 382 = t*w. Is w composite?
False
Let p = 16716 + -5167. Is p prime?
True
Let p = 32 + -32. Suppose k + 0*k - 479 = p. Is k a composite number?
False
Let x(h) = -9 - 1 - 7*h**2 + 9*h**3 + 5 + 4*h**2. Is x(3) a prime number?
True
Let z = -12780 - -32917. Is z a prime number?
False
Is (2/4)/(3/(-427404)*-2) a composite number?
False
Let r(c) = 2*c**3 + 18*c**2 + c + 12. Let q be r(-13). Let g = -220 - 502. Let n = g - q. Is n composite?
False
Let r(q) = -q**3 - 5*q**2 - 3*q + 6. Let g be r(-4). Suppose -g*n + 10*n - 2344 = 0. Is n prime?
True
Let j = -759 + 1241. Let s = j + 153. Is s a composite number?
True
Suppose 0 = 3*t + 3*d + 9, -2*t = 15*d - 19*d - 24. Let u(b) = -89*b + 8. Let c(r) = 59*r - 5. Let o(a) = -7*c(a) - 5*u(a). Is o(t) a prime number?
True
Let l be -4 - 1 - (10 + -12). Is -26*l/(5 - -1) prime?
True
Suppose 2*a - 4 + 0 = 0, 14 = 4*p + 3*a. Suppose r + 379 = 4*v, 4*r =